at is the highest common factor of x and 18?
18
Let j = 50 + 46. Suppose 25*h - j = 23*h. Calculate the greatest common factor of 3 and h.
3
Let a be 114/18 - (-4)/6. Suppose 18*d = 227 + 25. What is the highest common divisor of d and a?
7
Let p = 820 + -740. What is the highest common divisor of 580 and p?
20
Suppose 0 = -2*f - k - 9 - 3, 5*f = -4*k - 24. Let s(y) = y**3 + 8*y**2 - 5*y - 10. Let u be s(f). What is the greatest common factor of u and 30?
30
Suppose h - 1420 = -232. Calculate the highest common factor of h and 88.
44
Suppose 4*u - 2*y = -u + 26, 0 = 5*u - 5*y - 35. Suppose 21 - 85 = -u*a. Let b(z) = -73*z + 468. Let w be b(4). Calculate the greatest common factor of w and a.
16
Let f = 2313 + -1235. Calculate the greatest common factor of f and 196.
98
Let l(s) = -s**3 - 9*s**2 - 14*s + 3. Let c be l(-7). Let q be 2/c + (232/12 - 4). Let n = 277 - 197. Calculate the greatest common divisor of n and q.
16
Let i(h) = 6*h**2 + h - 1. Let b be (2/4)/(1/2). Let z be i(b). Calculate the greatest common divisor of 6 and z.
6
Let r be 0 + 1*8 - 0. Let b = 382 + -380. What is the highest common factor of b and r?
2
Let i(u) = -u**2 + 21*u + 12. Let g be i(21). Calculate the greatest common divisor of g and 1.
1
Let u = -153 + 211. Calculate the highest common divisor of 145 and u.
29
Suppose -8*h + 24 = -7*h - 3*v, 4*v + 4 = -h. Calculate the greatest common factor of h and 30.
6
Let i(y) = y**2 + 4*y + 7. Let u be i(-3). Suppose u*d - 36 = -3*s + 111, 0 = -d + 2*s + 23. What is the highest common divisor of d and 3?
3
Let o(i) = -958*i + 1916*i + 3*i**2 - 961*i - 6 - 2*i**2. Let q(m) = 2*m - 1. Let b be q(-1). Let c be o(b). What is the highest common factor of 48 and c?
12
Let n be ((-5)/10)/((-10)/360). Let i be (-4)/14 + (-16)/(-7). Calculate the highest common divisor of n and i.
2
Let n = -290 - -406. Suppose 64 = 3*l - 5*q, 3*q = -3*l + n - 20. Calculate the highest common divisor of l and 252.
28
Let z = -666 + 1469. Calculate the highest common divisor of 11 and z.
11
Let i = 7 - -11. Suppose 2*s - 24 + 6 = -2*t, -2*t = 3*s - i. Let h(w) = -w**3 + 6*w**2 + 6*w + 10. Let a be h(7). What is the highest common factor of t and a?
3
Suppose 3*m - 153 = 5*o, 44 = m - 15*o + 11*o. Calculate the greatest common divisor of 96 and m.
8
Let i(x) = -x**2 + 18*x + 16. Let c be i(19). Let k(l) = -4*l. Let p be k(-2). Let s = c + p. What is the greatest common factor of s and 55?
5
Suppose -403 = -t + 4*f, 3*f - 7*f = 5*t - 1943. What is the highest common divisor of t and 17?
17
Let g(k) = -k**3 + 4*k**2 + 2*k - 6. Let b be 0 + (-4 - 14/(-2)). Let r be g(b). Calculate the highest common factor of 1 and r.
1
Suppose -4*g - 37 = -333. Suppose 5*l + 24 = g. Calculate the highest common factor of l and 20.
10
Suppose 9*d = 394 - 358. What is the highest common factor of d and 14?
2
Let h be 3*(2 - (-3 - -7)). Let w(u) = 2*u + 15. Let v be w(h). Let y be (v/4)/(2/40). What is the highest common factor of y and 75?
15
Let i be 29/(3509/(-22)) - 5552/(-44). Suppose -3*y - 5 = -26. Calculate the highest common divisor of i and y.
7
Let m(j) = j + 7. Let w be m(-4). Suppose -3*b - w*v + 72 = -7*v, b - 4*v - 32 = 0. What is the highest common factor of 160 and b?
20
Suppose z + 4*z + 60 = 0. Let j = 21 + z. What is the highest common divisor of j and 72?
9
Let i(w) = w**2 - 9*w + 11. Let k be i(7). Let c(u) = -u**2 + u + 2. Let y be c(k). Let p = 14 + y. What is the highest common divisor of p and 28?
4
Let r = 190 + -65. Calculate the highest common divisor of r and 75.
25
Let n = -1422 - -2089. Calculate the highest common factor of n and 29.
29
Let r be 1 + (-2)/(2/(-7)). Let p be (-4*(-11 + -9))/2. What is the greatest common factor of p and r?
8
Let j(n) be the third derivative of n**5/60 + n**4/24 + 5*n**3/2 + 16*n**2. Let b be j(0). Calculate the greatest common divisor of b and 3.
3
Suppose 6*a + 4*q - 104 = 3*a, -92 = -2*a + 3*q. What is the greatest common divisor of a and 180?
20
Suppose -5*d + 220 = -0*d. Suppose 2*f + 1 = -5*t, -5*t - 7 = -5*f - 27. Suppose 3*o = -y + d, -t = y - 0*y. What is the greatest common factor of 6 and o?
3
Let y be -1 + 1059/2 + 300/(-600). What is the highest common factor of y and 144?
48
Suppose 5*g - 2*h - 59 = 0, -6*h = 7*g - 11*h - 87. Suppose -3*a = 4*l - 7*a - 348, -3*a - 349 = -4*l. What is the highest common factor of g and l?
11
Let v(i) = -6*i**3 + 2*i**2 + i + 1. Let p be v(-2). Let o(c) = -2*c**3 + 9*c**2 - 3*c + 1. Let g be o(4). What is the highest common divisor of g and p?
5
Let b = 463 - 462. Let t be (-4)/6 + 5/3. What is the greatest common factor of b and t?
1
Let s(j) = 58*j + 5 - 92*j + 49*j - j**2. Suppose 56 = -0*p + 4*p. Let v be s(p). What is the greatest common divisor of 95 and v?
19
Suppose 4*g - 26 = 3*w + 66, -4*w - 76 = -3*g. Calculate the greatest common factor of 30 and g.
10
Suppose 0 = -4*a - 25 + 37. Calculate the greatest common divisor of 33 and a.
3
Suppose -4*g - j - 62 = -378, 4*j = -16. What is the greatest common factor of 100 and g?
20
Let t(a) = 37*a + 588. Let d be t(-15). Calculate the greatest common divisor of d and 44.
11
Let i(s) = -8*s - 28. Let x be i(-6). Calculate the greatest common factor of x and 60.
20
Suppose -17*q + 341 + 118 = 0. Suppose -4*j - 5 = j. Let y(n) = -54*n**3 - n**2 - 2*n - 1. Let z be y(j). Calculate the highest common factor of q and z.
27
Suppose 5*u = 3*c + 7*u - 719, 4*u = c - 221. What is the highest common divisor of 158 and c?
79
Let d(k) = 10*k - 4*k**2 + k**2 + k**2 + 3*k**2 + 29. Let n be d(-9). What is the greatest common divisor of n and 60?
20
Suppose 1525 + 619 = 4*q - 3*c, -3*q = 5*c - 1637. What is the greatest common factor of 11 and q?
11
Suppose 14*f - 10*f - 3960 = 0. Calculate the highest common divisor of 11 and f.
11
Let c(i) = -i - 8. Let h be c(-8). Let z(q) = q**2 - 2*q + 27. Let d be z(h). What is the highest common divisor of d and 108?
27
Let a be (48/(-36))/(3/((-45)/4)). What is the highest common factor of a and 245?
5
Let t = 7 - -32. Suppose 38*y - 37*y = -3, -17 = -2*x + 5*y. Let h be x/(-2 + 81/t). Calculate the highest common factor of 39 and h.
13
Let d = 258 + -146. Let l = 186 + -177. Suppose -l*z + 240 = 6*z. Calculate the highest common divisor of z and d.
16
Let m be ((-2)/(-4))/((-2)/(-8)). Suppose m*p = -2 - 0. Let d = 9 + p. Calculate the highest common factor of 20 and d.
4
Let y be (0 - -4)/(1*2). Suppose -5*s = -4*w + 239, -y*s + 110 - 34 = w. Let t = 51 + -45. What is the highest common divisor of t and w?
6
Suppose 1468 = 12*o + 244. Calculate the greatest common divisor of o and 561.
51
Let w be 6/(10/4 - 1). Let j(g) = -g**2 + 3*g - 3. Let v be j(w). Let n be 9/2*(v - -41). What is the highest common divisor of 17 and n?
17
Let m = 59 - -41. Calculate the highest common divisor of m and 75.
25
Let u(y) = 10*y**2 - 16. Let h be u(-4). What is the highest common divisor of 6 and h?
6
Let t(a) = a**3 - 4*a**2 + 11. Let b be t(5). Calculate the highest common factor of 8 and b.
4
Let b(r) be the first derivative of r**2/2 + 29*r - 8. Let m be b(10). Calculate the greatest common divisor of 26 and m.
13
Let n(g) = g**2 + 12*g - 24. Let y be (-2)/((-8)/(-60)) - (-1)/1. Let d be n(y). Calculate the highest common divisor of d and 1.
1
Let l(t) = -2*t + 69. Let k be l(23). What is the highest common divisor of k and 69?
23
Let r(i) be the first derivative of -3*i**2 + 3*i - 3. Let y be r(-3). Let d be 7/(7/106) + -1. What is the highest common factor of d and y?
21
Let g be -6 - ((8 - 8) + -126). What is the greatest common divisor of 5 and g?
5
Let g be ((-18)/3)/(-1 + 0). Suppose 0 = -2*h + u + 7, 0 = 4*u - g + 2. Let l = -24 + 30. What is the highest common divisor of l and h?
2
Let d(h) = 28*h**2 + 4*h - 8. Let k be d(2). Suppose 64 = c + 4*y, 2*y - 6 = 2. Let i = -32 + c. Calculate the highest common factor of k and i.
16
Suppose 0 = 2*k - k - 52. Let s be (11 - (10 + 2))*-13. Calculate the greatest common factor of s and k.
13
Let d = 17 + -27. Let v(z) = -1 - 2 + 4 - 2*z + 7. Let i be v(d). What is the highest common divisor of 42 and i?
14
Suppose -120 = -5*g + 2*c, -2*c = -4*g - 6*c + 68. Suppose g*j = 1188 - 88. What is the greatest common divisor of 30 and j?
10
Suppose 70 =